 a composite number?
False
Is 46875402419 a prime number?
False
Is 47141085703 a prime number?
False
Is 77628817667 composite?
False
Is 416264929 composite?
True
Is 2260853843 a prime number?
True
Is 328885793 prime?
False
Is 9031791689 composite?
True
Is 315451219 prime?
False
Is 1677920221 a prime number?
False
Is 8050172539 a composite number?
True
Is 2319117329 a composite number?
False
Is 24574152767 composite?
True
Is 230375263 a prime number?
False
Is 2440555561 prime?
True
Is 1182826691 a composite number?
False
Is 7846265851 prime?
True
Is 678252521 a composite number?
False
Is 5846007061 prime?
False
Is 1641216769 composite?
False
Is 15735890663 a composite number?
False
Is 25419321013 composite?
False
Is 4536929533 composite?
True
Is 1147207799 prime?
False
Is 31457561339 prime?
True
Is 56577481561 a prime number?
False
Is 722877829 prime?
False
Is 217761077 a composite number?
False
Is 14448375047 a composite number?
False
Is 27800998259 composite?
False
Is 11749246001 prime?
True
Is 432491223 a prime number?
False
Is 821939381 composite?
True
Is 4694552351 prime?
True
Is 1573109303 a prime number?
True
Is 2072127437 a composite number?
False
Is 15269081851 prime?
True
Is 246568247 composite?
True
Is 5200709251 a prime number?
True
Is 6298991437 a composite number?
True
Is 4630920451 composite?
False
Is 5476673721 composite?
True
Is 1184114959 a composite number?
True
Is 1445058539 prime?
False
Is 117680883 a composite number?
True
Is 1762827823 composite?
False
Is 8211936373 a prime number?
True
Is 139078147 a prime number?
False
Is 7260201097 prime?
False
Is 1579701581 prime?
True
Is 39769136753 a composite number?
False
Is 6355181341 a composite number?
False
Is 1523025745 prime?
False
Is 21730531337 a prime number?
False
Is 1013417369 a prime number?
True
Is 568640977 prime?
False
Is 6200957467 composite?
True
Is 22431283097 composite?
True
Is 734953777 a prime number?
False
Is 4436037223 composite?
True
Is 45905579177 prime?
False
Is 204264131 composite?
False
Is 240800045 a prime number?
False
Is 1441062737 prime?
True
Is 490474459 a composite number?
True
Is 245234827 a prime number?
True
Is 336402639613 a prime number?
True
Is 4850876845 composite?
True
Is 92580662353 prime?
False
Is 1574122687 a prime number?
False
Is 53589715607 composite?
False
Is 1136305337 composite?
False
Is 11331751207 a prime number?
False
Is 2328812531 a composite number?
False
Is 510357857 a prime number?
True
Is 721947487 a prime number?
True
Is 621416729 prime?
False
Is 8978516171 composite?
False
Is 339849031 a composite number?
False
Is 169288529339 prime?
False
Is 1896656243 a prime number?
True
Is 2041937279 composite?
False
Is 33307478797 composite?
False
Is 1180379471 a prime number?
True
Is 119370775219 composite?
True
Is 6122287013 a composite number?
False
Is 109334073 a composite number?
True
Is 1887872917 composite?
True
Is 1231658693 composite?
True
Is 63452945473 composite?
True
Is 5398740973 prime?
True
Is 68577599 prime?
True
Is 15285068303 a prime number?
False
Is 5371378979 a prime number?
True
Is 3782342063 a prime number?
True
Is 5233102495 composite?
True
Is 515951 prime?
True
Is 717684113 a prime number?
True
Is 1693924567 prime?
True
Is 1410249383 prime?
True
Is 835083143 a composite number?
False
Is 3496651 a prime number?
False
Is 1663602901 a prime number?
True
Is 75447719 prime?
True
Is 167349761939 prime?
True
Is 21659426977 composite?
False
Is 45348470107 composite?
False
Is 1201759463 prime?
True
Is 4303793587 a prime number?
False
Is 17291772697 a composite number?
False
Is 1331290883 prime?
False
Is 18929505317 composite?
False
Is 5518210007 a prime number?
False
Is 6496583207 a prime number?
True
Is 64860090609 a prime number?
False
Is 15928737361 a prime number?
True
Is 893693887 composite?
False
Is 9886758997 a prime number?
False
Is 1945456937 prime?
True
Is 4512279509 a prime number?
False
Is 1060624637 prime?
True
Is 982888721 a prime number?
True
Is 254719067 a prime number?
False
Is 13362628105 composite?
True
Is 57088217 a prime number?
False
Is 33731531089 a composite number?
True
Is 673186067 a prime number?
True
Is 39026623423 prime?
False
Is 5662203341 a prime number?
True
Is 87843065 a prime number?
False
Is 615739781 a composite number?
False
Is 602339999 composite?
False
Is 5903313289 composite?
False
Is 3188817035 a composite number?
True
Is 685066973 a composite number?
True
Is 390842593 prime?
True
Is 2304818463 prime?
False
Is 545166719 composite?
True
Is 1634946161 a prime number?
True
Is 2687342681 a composite number?
True
Is 2804825437 composite?
True
Is 83556604921 composite?
True
Is 3380383151 prime?
False
Is 40382503703 a composite number?
True
Is 135565403 prime?
False
Is 73697273413 a prime number?
True
Is 247086242077 prime?
True
Is 69372763679 prime?
True
Is 89716049 a composite number?
True
Is 46583244497 a prime number?
True
Is 4822105303 a composite number?
True
Is 51804982651 composite?
False
Is 389620229 prime?
False
Is 132109331 a composite number?
False
Is 6260375603 a prime number?
True
Is 61837193393 a composite number?
True
Is 336871799 composite?
True
Is 19260558767 composite?
False
Is 2672781409 a prime number?
False
Is 7697457941 a composite number?
True
Is 86244094099 prime?
False
Is 112409277 a composite number?
True
Is 27312626327 prime?
False
Is 5905768226 composite?
True
Is 29321787106 a composite number?
True
Is 71448061 a prime number?
False
Is 3161557577 a composite number?
False
Is 5173041443 a composite number?
False
Is 94430927 a prime number?
True
Is 391752331 a composite number?
True
Is 27695248387 a prime number?
False
Is 97951783411 a prime number?
True
Is 14500044193 a composite number?
True
Is 1112112709 a prime number?
True
Is 1093949821 prime?
True
Is 43494863111 composite?
True
Is 83274989 prime?
False
Is 639739253 composite?
True
Is 1458692707 prime?
True
Is 1559955637 a prime number?
False
Is 29057184377 a prime number?
False
Is 30787243 a prime number?
True
Is 73150225427 a composite number?
False
Is 28939037 prime?
False
Is 3303497649 composite?
True
Is 154019128199 composite?
False
Is 17830644619 prime?
True
Is 885848573 composite?
False
Is 4724036293 a prime number?
True
Is 47067426331 composite?
False
Is 3755682299 a composite number?
True
Is 20585198087 a composite number?
False
Is 1814063723 a composite number?
False
Is 18042761381 a prime number?
False
Is 1070877673 a composite number?
False
Is 18348265633 a composite number?
True
Is 16258671461 a prime number?
False
Is 2061786593 a prime number?
True
Is 9500693 a prime number?
False
Is 455065901 prime?
True
Is 680980327 a prime number?
False
Is 2118565727 prime?
False
Is 4117411451 a prime number?
False
Is 307549941443 a composite number?
True
Is 1135564361 a prime number?
True
Is 1402800727 a prime number?
True
Is 2604127639 a prime number?
False
Is 3292980343 a prime number?
True
Is 24090162199 a composite number?
False
Is 45970058081 a prime number?
True
Is 2555394717 prime?
False
Is 12695617491 a composite number?
True
Is 29346201457 a composite number?
False
Is 38705147683 prime?
False
Is 9984911 a composite number?
True
Is 2242187339 a composite number?
True
Is 2590318099 a prime number?
True
Is 6876295159 a prime number?
True
Is 77079253 a prime number?
False
Is 17723413363 prime?
False
Is 24561912371 a prime number?
True
Is 15993453613 a prime number?
False
Is 1032436727 prime?
False
Is 141937964257 composite?
False
Is 1299337631 prime?
True
Is 12558235807 prime?
False
Is 23861550131 a composite number?
True
Is 59670083 a prime number?
False
Is 1748223163 a prime number?
True
Is 41267678743 prime?
True
Is 44530777 a prime number?
True
Is 68199457273 composite?
False
Is 201558094291 composite?
True
Is 10991291239 composite?
True
Is 11351362369 prime?
True
Is 1015929041 prime?
True
Is 21381072401 prime?
False
Is 929601313 composite?
True
Is 159672511 a prime number?
True
Is 136858403 prime?
False
Is 2193804697 a prime number?
False
Is 7903779461 composite?
True
Is 9697497083 a prime number?
True
Is 67884742537 composite?
True
Is 172944637 a composite number?
False
Is 34428306439 a prime number?
False
Is 23738466326 a prime number?
False
Is 1329775801 a prime number?
True
Is 2690078